 is the remainder when f(-5) is divided by 16?
14
What is the remainder when 7 is divided by (-1)/(1/(-2))*145/58?
2
Let k(u) = -3*u - 7. Let a(z) = z - 1. Let w(f) = -2*a(f) - k(f). Calculate the remainder when 25 is divided by w(0).
7
Let n(m) be the first derivative of 3*m**2/2 - 6*m - 1. Suppose -2*v + 140 = 2*v. What is the remainder when v is divided by n(6)?
11
Suppose 0 = x - 2. Suppose -g - x*n + 90 = 0, -3*n + n = -g + 90. Suppose 2*r = -r + g. What is the remainder when r is divided by 16?
14
Let w = -5 - -14. Suppose -3 = -t, -4*a = -3*t + 6 - 17. Calculate the remainder when w is divided by a.
4
Let d be -1 + (0 - -3) + -5. Let p = 7 - d. Calculate the remainder when 27 + -1*(1 - 1) is divided by p.
7
Let r(a) = -a**3 + 6*a**2 + 2*a - 7. Let d(x) = -x**3 - 6*x**2 + 5*x - 8. Let s be d(-7). What is the remainder when r(s) is divided by 3?
2
What is the remainder when (0 - -3)*((-105)/9)/(-5) is divided by 4?
3
Let v = -132 + 147. Calculate the remainder when v is divided by 8.
7
Let z(p) = p**2 - 5*p - 2. Suppose -4*y + 48 = 5*k, 3*y - 5*y - 3*k = -26. What is the remainder when 22 is divided by z(y)?
10
Let v = -1 - -9. Let p = v + -6. Calculate the remainder when 7 is divided by 2/(p/5 - 0).
2
Let a(t) = -t**2 - 4*t - 1. Let b be a(-4). Let c be 1*(0 - b/1). Let p = c - -5. What is the remainder when 16 is divided by p?
4
Suppose 0 = 3*r + 2*r - 40. Let m = -1 - -10. Suppose z + m = 4*z. What is the remainder when r is divided by z?
2
Suppose 4*p - 124 = -0*p. Calculate the remainder when p is divided by 8.
7
Suppose -36 = -5*k + 3*x, 0 = -3*k - 3*x - 0*x + 36. Let d = 275 + -242. What is the remainder when d is divided by k?
6
Let j = 6 - 3. Suppose j*s = -0*s + 183. Calculate the remainder when s is divided by 16.
13
Let o be -5*4/((-40)/18). Suppose o - 1 = -4*n. Let j = n - -10. What is the remainder when 14 is divided by j?
6
Let i(a) = a**2 + 0 + a**2 - 7*a + 6. Let m(b) = -4*b. Let q be m(-1). Calculate the remainder when 37 is divided by i(q).
7
Let z(m) = m**3 - 3*m**2 - 3*m + 3. Let y(c) = c + 10. Let f be y(-7). Suppose -r + f*r - 8 = 0. Calculate the remainder when z(4) is divided by r.
3
Let o be 24/3*2/2. Let a = 15 - o. Calculate the remainder when (38/8)/((-3)/(-12)) is divided by a.
5
Let o(x) = 2*x - 1. Calculate the remainder when 27 is divided by o(8).
12
Calculate the remainder when 619/3 + -2*(-4)/12 is divided by 52.
51
Let q(c) = 129*c - 80. Let d(y) = y**2 + 1. Calculate the remainder when q(1) is divided by d(3).
9
Suppose -4*u = 20, -5*n + 5*u + 14 = -1. Let j be n*(39/(-6) - 1). Let c = j + 6. Calculate the remainder when c is divided by 11.
10
Let s(b) = -b**2 - 8*b - 1. Let g(r) = 6*r. Let i be g(-1). What is the remainder when 30 is divided by s(i)?
8
Let f = 9 - 7. Suppose f*h = 4, -3*b - b = h - 46. Calculate the remainder when 42 is divided by b.
9
Suppose a + 21 = 5*t, 0 - 23 = -2*a - 3*t. What is the remainder when 26 is divided by a?
2
Let k = 88 + -39. Let a = -16 - -33. What is the remainder when k is divided by a?
15
Let k = -3 + 1. Let a = k + 2. Suppose a = -5*y + 3*u + u + 17, -u - 3 = 0. Calculate the remainder when 2 is divided by y.
0
Let j = -86 - -95. Calculate the remainder when 42 is divided by j.
6
Let q(b) = b**3 - 2*b**2 - b - 4. Suppose -5*l = 4*a - 2, -2*l + 4*a + 8 = 2*a. What is the remainder when q(3) is divided by l?
0
Let m = -10 - -19. Suppose -2*d = -2*x + d + 102, 5*d = 5*x - 250. Suppose 6*u = 3*u + x. Calculate the remainder when u is divided by m.
7
Let b = 65 - 28. Let o = b + -19. Calculate the remainder when o is divided by 7.
4
Suppose 4*r - 79 = -5*s + 43, 5*s - 5*r - 140 = 0. Calculate the remainder when s is divided by 7.
5
Let c(h) = h**3 + 9*h**2 - 3*h - 26. What is the remainder when 1 is divided by c(-9)?
0
Let h = 19 - 0. Let v = -241 + 251. What is the remainder when h is divided by v?
9
Let i(k) = k**2 - k + 1. Suppose -3*j = -2*d - 2*d - 12, 5*d + 3*j = 12. Calculate the remainder when 3 is divided by i(d).
0
Let r(d) = -d**3 + 6*d**2 + 7. Let f be 1/2*4 - -4. Let l be r(f). Suppose 2*k = l + 1. What is the remainder when 10 is divided by k?
2
What is the remainder when (0/1 + 7)*7 is divided by 13?
10
Let s(d) = 3*d - 5. Calculate the remainder when 48 is divided by s(4).
6
Suppose 4*j - 5*z + 2*z - 121 = 0, z = 4*j - 123. What is the remainder when j is divided by 17?
14
Suppose -b + 3*b = -8, -5*c - 20 = -5*b. Let t(k) = k**3 + 7*k**2 - 10*k + 9. Calculate the remainder when t(c) is divided by 7 - (-1 - -1)/(-3).
4
Let q = -28 - -45. Let c = 1 + 1. Suppose 0 = -0*j - c*j + 98. What is the remainder when j is divided by q?
15
Let o = -103 + 118. Suppose j - 3*l + 18 = 6*j, 5*l = -20. What is the remainder when o is divided by j?
3
Let k(s) = s**3 + 6*s**2 - 9*s - 3. Let z be k(-7). Suppose 4 - z = -d. What is the remainder when d is divided by 4?
3
Let v(k) = -k**3 + 3*k - 4. Let g = 212 - 160. Calculate the remainder when g is divided by v(-3).
10
What is the remainder when 4*(-3 + 3 - -2) is divided by 0 - (-1 - -1) - -6?
2
Let r = 147 + -75. Calculate the remainder when r is divided by (-3)/(-1) + 22 + 0.
22
Suppose -60 = -5*w + 4*w. Let x = 91 - w. Suppose 0 = -4*s + 3*s + 11. Calculate the remainder when x is divided by s.
9
Suppose 0 = m + 4*m + 40. Let a = -6 - m. Suppose a*l = -l + 39. What is the remainder when 25 is divided by l?
12
Suppose -5 = -4*s - 1. Suppose 0 = -3*x + 12, -b + 4*x - s = -4. What is the remainder when b is divided by 7?
5
Let t(g) = -g**2 + 7*g - 4. Calculate the remainder when t(6) is divided by ((-2)/4)/((-1)/2).
0
Suppose -3*j = -2*j + 11. Let t = -17 - -12. Let h = t - j. Calculate the remainder when 17 is divided by h.
5
Let f(m) = m**3 + 4*m**2 - 4*m + 4. Let u be f(-5). What is the remainder when (u + 1 - 2) + 45 is divided by 15?
13
Let x be 10/55 + (-392)/(-22). Calculate the remainder when 5 is divided by ((-1)/3)/((-2)/x).
2
Suppose -3*a = -3*t + 16 + 2, a = 5. Suppose -5*k = -4 - t. Suppose -j - n + 50 = 0, -k*j + n + 22 = -124. What is the remainder when j is divided by 17?
15
Let i = 45 + -33. What is the remainder when 33 is divided by i?
9
What is the remainder when (9/3)/(-3) - -31 is divided by 11?
8
Let l(x) = 2*x**2 + 7*x - 4. What is the remainder when l(-8) is divided by 14?
12
Let s(y) = -4*y**3 - y**2 + 1. Let w(u) = -u**2 + 5*u - 1. Let h be w(4). Suppose c + 2*c + h = 0. Calculate the remainder when 6 is divided by s(c).
2
Suppose -5*v - 8 = -2*t - 10*v, 0 = 2*t + 2*v - 8. Suppose -t*m = 4*s - 32, 7*s + 41 = 2*m + 4*s. What is the remainder when m is divided by 7?
6
Suppose -9 + 129 = 2*w. What is the remainder when w is divided by 16?
12
Let n(j) = -12*j**3 - 2*j**2 - 2*j. Let h(r) = 25*r**3 + 4*r**2 + 5*r. Let x(w) = 3*h(w) + 7*n(w). Calculate the remainder when x(-2) is divided by 21.
20
Let u(r) = 3*r**2 - 1 + 3*r**2 - 3*r**2 - r. What is the remainder when 37 is divided by u(-2)?
11
Suppose -3*l - 2*g - 74 = -6*g, l + 3 = -3*g. Calculate the remainder when 56 is divided by l/63 - (-107)/7.
11
Suppose -60 = 5*y - 5*p, -4*y = -2*y + 4*p. Let n = y + 13. Suppose 2*s = -t + 6, -n*t - 5*s = -3*s - 70. Calculate the remainder when t is divided by 6.
4
Let s = 14 + -7. Let n = s - -3. Suppose 0 = 3*t - t - 8. What is the remainder when n is divided by t?
2
Suppose -31 = -2*l + 43. Let s(u) = 2*u - 8. Let z be s(6). Suppose 2*b = z*b - 26. What is the remainder when l is divided by b?
11
Let v(s) = -11*s - 1. Let z be 1/3 - (-4)/6. Suppose 2*p + 5*h - 12 = 4*p, h = -p + z. Calculate the remainder when 29 is divided by v(p).
9
Suppose -5*k = 6*k - 55. What is the remainder when 17 is divided by k?
2
Let m(z) = 3*z - 3. Let p be m(2). Suppose 0 = -5*a - 2*f + 35, 2*f = p*a - 3*f + 10. Calculate the remainder when a/(15/72) - 3 is divided by 11.
10
Suppose 2*y - 15 = -3*k + 37, -4*y - 4 = 0. Let h be 9/3 + (4 - 2). Suppose 0 = h*i + 25, z - 2*i = -11 + 55. Calculate the remainder when z is divided by k.
16
Suppose 0 = -2*z - z + 9. Let p(d) = -z*d + 2 + 4*d - 8 + d. Calculate the remainder when 28 is divided by p(8).
8
Let t be 0/3*(1 + -2). Suppose -n + 4*n - 30 = t. What is the remainder when 19 is divided by n?
9
Suppose 1004 = 4*x + 5*p, -1012 = -4*x + 3*p - 6*p. Suppose -70 = 3*o - x. Ca